se
Is 11 a factor of 2079?
True
Is 1555 a multiple of 16?
False
Is 5 a factor of 2445?
True
Is 2330 a multiple of 10?
True
Is 65 a factor of 520?
True
Does 67 divide 2279?
False
Is 6 a factor of 342?
True
Is 29 a factor of 1390?
False
Is 6057 a multiple of 37?
False
Is 1245 a multiple of 33?
False
Is 13 a factor of 4310?
False
Does 142 divide 13848?
False
Is 410 a multiple of 105?
False
Does 2 divide 34?
True
Does 8 divide 1656?
True
Is 792 a multiple of 10?
False
Does 10 divide 80?
True
Does 36 divide 108?
True
Is 976 a multiple of 112?
False
Is 1472 a multiple of 124?
False
Is 759 a multiple of 24?
False
Is 1760 a multiple of 55?
True
Is 13 a factor of 45903?
True
Does 125 divide 18125?
True
Is 17 a factor of 53518?
False
Is 17 a factor of 396?
False
Is 62 a factor of 2321?
False
Does 73 divide 6174?
False
Is 253 a factor of 3398?
False
Is 2312 a multiple of 13?
False
Does 17 divide 120?
False
Is 2527 a multiple of 19?
True
Does 27 divide 21510?
False
Does 11 divide 197?
False
Does 31 divide 4061?
True
Is 98640 a multiple of 20?
True
Is 224 a multiple of 5?
False
Is 6430 a multiple of 2?
True
Does 13 divide 1213?
False
Does 4 divide 29968?
True
Is 13 a factor of 955?
False
Is 9 a factor of 558?
True
Is 188 a factor of 46580?
False
Is 747 a multiple of 83?
True
Is 539 a multiple of 44?
False
Does 7 divide 21742?
True
Is 1050 a multiple of 70?
True
Is 10541 a multiple of 55?
False
Does 8 divide 141?
False
Does 14 divide 9983?
False
Does 88 divide 14080?
True
Is 2285 a multiple of 2?
False
Is 3 a factor of 734?
False
Does 14 divide 8370?
False
Is 1698 even?
True
Is 22 a factor of 1914?
True
Does 9 divide 11934?
True
Is 17164 a multiple of 263?
False
Is 137 a factor of 22738?
False
Does 8 divide 2612?
False
Does 3 divide 265?
False
Is 145 a factor of 15080?
True
Is 59 a factor of 297?
False
Is 62 a factor of 43648?
True
Does 47 divide 619?
False
Is 2770 a multiple of 7?
False
Is 61 a factor of 27206?
True
Is 52 a factor of 1248?
True
Is 25409 a multiple of 23?
False
Is 15 a factor of 645?
True
Does 177 divide 26904?
True
Is 43 a factor of 1259?
False
Does 73 divide 1945?
False
Does 5 divide 29894?
False
Is 59713 a multiple of 11?
False
Is 1120 a multiple of 4?
True
Does 31 divide 34765?
False
Does 66 divide 277?
False
Is 11 a factor of 7733?
True
Does 65 divide 19300?
False
Is 15163 a multiple of 38?
False
Is 25 a factor of 11650?
True
Is 8 a factor of 3136?
True
Is 7 a factor of 4564?
True
Does 84 divide 3428?
False
Is 3 a factor of 166?
False
Does 166 divide 27058?
True
Is 4 a factor of 1304?
True
Is 34 a factor of 1950?
False
Is 288 a multiple of 3?
True
Does 6 divide 1026?
True
Does 13 divide 211?
False
Does 58 divide 1102?
True
Is 2 a factor of 543?
False
Is 322 a factor of 51484?
False
Does 15 divide 101250?
True
Is 47075 a multiple of 269?
True
Is 4700 a multiple of 100?
True
Is 10 a factor of 90?
True
Does 155 divide 3100?
True
Is 630 a multiple of 45?
True
Is 38 a factor of 1444?
True
Does 39 divide 1209?
True
Is 2299 a multiple of 52?
False
Does 48 divide 2112?
True
Does 58 divide 30160?
True
Is 2088 a multiple of 10?
False
Is 397 a multiple of 22?
False
Does 7 divide 225?
False
Is 4 a factor of 1135?
False
Does 19 divide 29876?
False
Does 7 divide 28?
True
Is 3135 a multiple of 57?
True
Is 13 a factor of 666?
False
Is 14 a factor of 314?
False
Is 1155 a multiple of 77?
True
Does 67 divide 7117?
False
Is 50 a factor of 5200?
True
Is 55 a multiple of 2?
False
Does 23 divide 7011?
False
Is 60 a factor of 1078?
False
Does 11 divide 19360?
True
Does 21 divide 1515?
False
Is 91085 a multiple of 285?
False
Is 272 a multiple of 87?
False
Does 99 divide 16080?
False
Is 154 a multiple of 3?
False
Is 68 a factor of 17988?
False
Does 37 divide 18497?
False
Is 1844 a multiple of 57?
False
Is 2565 a multiple of 135?
True
Does 9 divide 377?
False
Is 20 a factor of 26680?
True
Is 12 a factor of 1461?
False
Is 833 a multiple of 49?
True
Is 31311 a multiple of 21?
True
Is 735 a multiple of 41?
False
Is 35 a factor of 42315?
True
Does 15 divide 1314?
False
Is 98 a factor of 3332?
True
Does 48 divide 3604?
False
Is 57 a factor of 684?
True
Does 22 divide 9768?
True
Is 756 a multiple of 18?
True
Is 4794 a multiple of 30?
False
Is 1980 a multiple of 51?
False
Is 7 a factor of 21?
True
Is 35777 a multiple of 42?
False
Is 1817 a multiple of 23?
True
Is 53956 a multiple of 70?
False
Does 36 divide 18954?
False
Is 774 a multiple of 16?
False
Is 14 a factor of 2030?
True
Is 20 a factor of 260?
True
Is 52 a factor of 416?
True
Does 13 divide 35386?
True
Is 5 a factor of 656?
False
Is 118 a factor of 2006?
True
Is 21560 a multiple of 40?
True
Does 35 divide 37324?
False
Is 55781 a multiple of 121?
True
Is 183 a factor of 28460?
False
Is 71 a factor of 213?
True
Is 204 a multiple of 34?
True
Is 18 a factor of 15534?
True
Is 50 a multiple of 10?
True
Does 37 divide 4144?
True
Is 3360 a multiple of 28?
True
Does 46 divide 3114?
False
Is 14837 a multiple of 122?
False
Is 4 a factor of 507?
False
Is 22 a factor of 6911?
False
Does 9 divide 77769?
True
Does 255 divide 10827?
False
Is 95 a factor of 1045?
True
Is 37 a factor of 1299?
False
Does 13 divide 275?
False
Is 155 a factor of 6472?
False
Does 58 divide 3482?
False
Is 168 a factor of 13464?
False
Is 1240 a multiple of 40?
True
Does 8 divide 3824?
True
Does 41 divide 2501?
True
Does 7 divide 19439?
True
Is 3 a factor of 243?
True
Does 4 divide 9248?
True
Is 14 a factor of 108220?
True
Is 16 a factor of 28957?
False
Is 3 a factor of 23016?
True
Is 14 a factor of 770?
True
Does 7 divide 51882?
False
Is 6 a factor of 57?
False
Is 127 a multiple of 14?
False
Is 49 even?
False
Is 5790 a multiple of 85?
False
Is 5135 a multiple of 7?
False
Is 28 a factor of 168?
True
Does 29 divide 4756?
True
Is 836 a multiple of 38?
True
Is 22 a factor of 84697?
False
Is 1197 a multiple of 15?
False
Does 54 divide 204?
False
Does 31 divide 1488?
True
Is 16 a factor of 8417?
False
Is 20 a factor of 780?
True
Is 57 a factor of 1902?
False
Is 6 a factor of 12822?
True
Is 63 a factor of 1197?
True
Is 4403 a multiple of 7?
True
Is 72156 a multiple of 14?
True
Does 14 divide 828?
False
Is 3586 a multiple of 9?
False
Is 1394 a multiple of 18?
False
Is 18 a factor of 18381?
False
Does 21 divide 11521?
False
Is 15 a factor of 516?
False
Does 30 divide 1710?
True
Does 10 divide 2409?
False
Is 3 a factor of 32277?
True
Is 74113 a multiple of 109?
False
Does 63 divide 39532?
False
Does 94 divide 425?
False
Does 13 divide 1573?
True
Does 24 divide 6155?
False
Is 49 even?
False
Is 238 a multiple of 7?
True
Is 45 a factor of 978?
False
Does 4 divide 342?
False
Is 8343 a multiple of 81?
True
Does 5 divide 5431?
False
Is 7000 a multiple of 8?
True
Is 45 a factor of 4713?
False
Is 3 a factor of 3018?
True
Does 6 divide 606?
True
Does 105 divide 236?
False
Is 24 a factor of 3792?
True
Does 36 divide 55332?
True
Does 35 divide 6475?
True
Is 3579 a multiple of 182?
False
Does 63 divide 656?
False
Does 10 divide 340?
True
Is 41 a factor of 164?
True
Is 14539 a multiple of 10?
False
Does 10 divide 26879?
False
Does 7 divide 11368?
True
Is 1334 a multiple of 58?
True
Is 35 a factor of 34895?
True
Is 4 a factor of 264?
True
Is 24295 a multiple of 13?
False
Does 20 divide 220?
True
Does 3 divide 18468?
True
Is 5859 a multiple of 18?
False
Is 69930 a multiple of 315?
True
Is 151 a factor of 19630?
True
Is 68 a multiple of 4?
True
Does 2 divide 601?
False
Is 19 a factor of 361?
True
Is 5 a factor of 6304?
False
Is 225 a multiple of 25?
True
Is 10 a factor of 6570?
True
Is 20 a factor of 6600?
True
Does 12 divide 503?
False
Is 1080 a multiple of 90?
True
Does 7 divide 13510?
True
Is 36 a factor of 32538?
False
Is 2312 a multiple of 34?
True
Does 6 divide 23608?
False
Is 21 a factor of 168?
True
Does 21 divide 68292?
True
Is 23 a factor of 7408?
False
Is 270 a multiple of 6?
True
Is 5 a factor of 290?
True
Does 16 divide 64?
True
Does 97 divide 41432?
False
Does 5 divide 107?
False
Is 1274 a multiple of 29?
False
Does 6 divide 810?
True
Does 14 divide 958?
False
Does 43 divide 5641?
False
Is 132546 a multiple of 80?
False
Is 5 a factor of 51950?
True
Does 36 divide 396?
True
Is 76600 a multiple of 383?
True
Is 15129 a multiple of 369?
True
Does 6 divide 23299?